composite?
True
Is 695719 a prime number?
True
Is 7526969 prime?
False
Is 1668329617 prime?
True
Is 19911533 composite?
False
Is 34675687 a prime number?
True
Is 10652621 composite?
True
Is 14872783 a prime number?
True
Is 307318733 prime?
False
Is 2611729 a composite number?
False
Is 354299191 composite?
False
Is 9842347 composite?
False
Is 49768679 a prime number?
False
Is 192390131 a prime number?
True
Is 5477951 a prime number?
True
Is 3923449 a composite number?
True
Is 3992843 a prime number?
True
Is 37498645 a composite number?
True
Is 63435961 a prime number?
True
Is 19077515 a composite number?
True
Is 2226967 composite?
True
Is 289855517 a composite number?
True
Is 1458118 prime?
False
Is 14816121 a composite number?
True
Is 8148367 a prime number?
True
Is 15015277 a prime number?
True
Is 196416473 prime?
False
Is 318730771 prime?
True
Is 33973069 prime?
False
Is 8324179 prime?
False
Is 88432459 a prime number?
True
Is 240724123 a composite number?
False
Is 17767967 a prime number?
False
Is 271581143 a prime number?
False
Is 49353391 composite?
False
Is 19237181 prime?
True
Is 514771 a prime number?
False
Is 47693699 a prime number?
True
Is 3766645 a composite number?
True
Is 9077843 a prime number?
True
Is 4478743 prime?
False
Is 2201387 composite?
False
Is 355050859 a composite number?
True
Is 70094569 a composite number?
False
Is 1790699 composite?
True
Is 12345743 composite?
False
Is 1255873 prime?
False
Is 21687167 prime?
False
Is 53857387 prime?
False
Is 214935647 composite?
False
Is 28472761 a composite number?
True
Is 21236561 a composite number?
False
Is 2109005 composite?
True
Is 1486558 composite?
True
Is 86528311 prime?
False
Is 199010291 prime?
True
Is 53280379 composite?
False
Is 1709101 a prime number?
False
Is 3590621 composite?
True
Is 128711573 a prime number?
False
Is 405953545 composite?
True
Is 3086319 a composite number?
True
Is 54959 prime?
True
Is 2102479 a composite number?
False
Is 257429 composite?
True
Is 24886709 composite?
False
Is 546757 prime?
False
Is 10643921 a prime number?
False
Is 741163 prime?
True
Is 728679917 a prime number?
False
Is 17833 a prime number?
False
Is 25862093 prime?
True
Is 6835019 prime?
True
Is 4296139 composite?
True
Is 11517829 composite?
False
Is 359831 a composite number?
True
Is 71719082 a composite number?
True
Is 129283367 prime?
True
Is 15532351 prime?
True
Is 12325543 a prime number?
False
Is 26390327 composite?
False
Is 271667 composite?
True
Is 67393891 a prime number?
False
Is 284124863 prime?
False
Is 1208869 composite?
True
Is 34010717 composite?
True
Is 879559 prime?
False
Is 5859301 a composite number?
True
Is 5548733 composite?
False
Is 4666931 composite?
False
Is 20419943 a composite number?
False
Is 52204313 prime?
False
Is 8345083 a prime number?
True
Is 7359779 a prime number?
False
Is 224667709 composite?
True
Is 117090179 a composite number?
True
Is 620047 a composite number?
True
Is 79715879 a composite number?
False
Is 145962409 a prime number?
True
Is 34525957 prime?
False
Is 52033321 a prime number?
True
Is 31339961 composite?
True
Is 57059339 prime?
False
Is 770418457 a composite number?
False
Is 32196903 a composite number?
True
Is 6850279 a composite number?
True
Is 6048303 a prime number?
False
Is 1220099 prime?
True
Is 4973989 a composite number?
False
Is 34163263 prime?
True
Is 2441717 a composite number?
False
Is 74033545 prime?
False
Is 218201749 prime?
False
Is 73334291 prime?
True
Is 139129747 a prime number?
True
Is 12356317 composite?
False
Is 232079 a prime number?
True
Is 6433907 a composite number?
True
Is 63722899 a prime number?
True
Is 123866393 a prime number?
False
Is 1682311 composite?
False
Is 1720027 a composite number?
True
Is 5419223 prime?
False
Is 83074571 a prime number?
True
Is 4688543 composite?
False
Is 59290009 prime?
True
Is 251781947 composite?
False
Is 76885187 prime?
False
Is 7045807 prime?
True
Is 770741 composite?
False
Is 4037435 composite?
True
Is 40179291 a prime number?
False
Is 113870555 a prime number?
False
Is 55498007 a prime number?
False
Is 2848117 a composite number?
False
Is 856422599 composite?
False
Is 30011 prime?
True
Is 75663647 a prime number?
True
Is 545582021 prime?
True
Is 50960381 prime?
True
Is 457537 a composite number?
True
Is 526763123 prime?
True
Is 40343 composite?
False
Is 3780901 a composite number?
True
Is 131853937 a prime number?
False
Is 136152481 prime?
True
Is 80535629 a composite number?
False
Is 3046807 prime?
False
Is 183135673 a composite number?
True
Is 2697637 prime?
True
Is 3134869 composite?
True
Is 3515719 prime?
False
Is 42231857 a prime number?
False
Is 111525083 composite?
True
Is 9460553 a composite number?
True
Is 27759629 a prime number?
False
Is 59289889 prime?
False
Is 1096393829 a composite number?
True
Is 1960031 composite?
True
Is 1588387 a composite number?
False
Is 59837447 a prime number?
False
Is 22699291 composite?
False
Is 15091729 a composite number?
True
Is 22188977 prime?
False
Is 74362579 composite?
True
Is 23410039 composite?
True
Is 442211809 prime?
False
Is 1455413 prime?
False
Is 89797 composite?
False
Is 3020447 prime?
False
Is 16581599 prime?
False
Is 36293989 prime?
False
Is 14848102 a composite number?
True
Is 1492199 prime?
False
Is 2161081 a composite number?
True
Is 60183533 a prime number?
True
Is 452497 a prime number?
True
Is 31304159 a composite number?
False
Is 294629 prime?
True
Is 2672681 a composite number?
True
Is 72605297 prime?
True
Is 103595527 a prime number?
False
Is 1907407 composite?
True
Is 12293587 composite?
False
Is 41104489 a composite number?
False
Is 7874929 prime?
True
Is 247330813 composite?
True
Is 2758079 a prime number?
True
Is 76567199 composite?
False
Is 185521933 composite?
True
Is 16411319 composite?
True
Is 60022057 a prime number?
False
Is 198451753 a composite number?
False
Is 133788133 a prime number?
False
Is 448691 prime?
False
Is 31783627 composite?
True
Is 64216133 prime?
True
Is 181483 prime?
False
Is 5873963 prime?
False
Is 14356987 composite?
False
Is 95843159 composite?
False
Is 6515701 prime?
True
Is 6063749 prime?
False
Is 352607407 a composite number?
False
Is 173599 a prime number?
True
Is 44362427 composite?
False
Is 15076457 composite?
True
Is 35235283 composite?
False
Is 161525519 composite?
False
Is 2883059161 prime?
True
Is 45445067 composite?
False
Is 421762867 prime?
False
Is 4067333 a composite number?
True
Is 820837 a composite number?
False
Is 6828377 composite?
False
Is 135287 composite?
True
Is 12621281 composite?
True
Is 12363293 composite?
True
Is 4608199 a composite number?
False
Is 11642413 composite?
True
Is 9346631 a composite number?
True
Is 25321567 composite?
False
Is 216344117 a composite number?
True
Is 23695277 composite?
False
Is 232922467 a composite number?
False
Is 11164357 composite?
False
Is 1061897 a prime number?
True
Is 929023 a prime number?
True
Is 13591499 prime?
False
Is 216299783 prime?
False
Is 10522139 a composite number?
True
Is 12660721 composite?
False
Is 57358181 a composite number?
False
Is 53621923 a prime number?
True
Is 7584497 prime?
True
Is 246786997 prime?
True
Is 347443 composite?
False
Is 117169373 composite?
True
Is 40770215 a composite number?
True
Is 477101 composite?
True
Is 122287271 a prime number?
False
Is 16450519 prime?
True
Is 74959 a composite number?
False
Is 3509367 prime?
False
Is 3861514 a prime number?
False
Is 82460309 a prime number?
False
Is 3602887 a prime number?
False
Is 74284421 a composite number?
False
Is 3517678 composite?
True
Is 7547501 composite?
True
Is 43661377 a composite number?
False
Is 2697109 prime?
True
Is 44911693 prime?
True
Is 2236099 composite?
True
Is 63700253 a prime number?
True
Is 184181 a prime number?
True
Is 81741503 composite?
False
Is 27082529 composite?
False
Is 59584141 prime?
False
Is 185240243 prime?
False
Is 4738519 a prime number?
False
Is 2371361 a prime number?
True
Is 22678337 prime?
False
Is 3327361 a prime number?
True
Is 41815 a composite number?
True
Is 257137303 a prime number?
True
Is 18115709 prime?
False
Is 726931 a prime number?
False
Is 149069 composite?
False
Is 8053333 a composite number?
True
Is 1499831 prime?
True
Is 119592041 a prime number?
True
Is 1937073 a com